Let w(u) = -3*u**3 - u**2 + 7*u + 9. Let p be w(-1). Let a be 28/6 - (-2)/(-3). Suppose a*q = 28 - p. Calculate the greatest common factor of q and 15.
3
Let o be (1 + (-3)/2)/((-340)/38080). Calculate the highest common factor of 4396 and o.
28
Suppose 17*n - 3865 + 3695 = 0. Let c(w) = 21*w**2 + 3*w - 1. Let h be c(2). Let r = 129 - h. Calculate the highest common factor of n and r.
10
Let l be -13 - ((-2937)/42 + (-34)/476). Calculate the highest common divisor of l and 1444.
19
Let p(i) = 15*i**2 - 3*i + 3. Let m be p(4). Let l = 423256 - 423214. Calculate the highest common factor of m and l.
21
Suppose 58*z - 2491 - 293 = 0. What is the greatest common divisor of 804 and z?
12
Let b be 1750 - (-8)/(13 + -15). Calculate the highest common divisor of 90 and b.
18
Suppose 3*n = -2*v + 3*v + 8, -5*v = -4*n + 18. Let t be n/3 - 266/21. Let c = 3 - t. What is the greatest common divisor of c and 120?
15
Suppose -4*s - z + 240 = 0, 19*z - 23*z - 240 = -4*s. What is the greatest common divisor of s and 204?
12
Suppose -3*o - 1 = -97. Suppose 6*t - 194 = -o. Suppose 0 = -5*c + 10, 0 = -5*f - c - 0*c + t. Calculate the greatest common divisor of f and 1.
1
Suppose -19*d - 41*d = -349860. Calculate the greatest common divisor of 119 and d.
119
Suppose -36*o = 3*k - 33*o - 129, 4*k - 2*o - 184 = 0. Calculate the highest common divisor of 159 and k.
3
Suppose -30*q + 123 + 3 = -54. What is the highest common factor of 1086 and q?
6
Suppose -670*y - 579 = -635*y - 2119. Let t be (-2)/(2/31*-1). Suppose 4*j = -8*w + 3*w + t, j - 5*w + 11 = 0. Calculate the highest common factor of j and y.
4
Let o = 1217 - 165. Let a = o - 722. Suppose 0 = 2*c - 6*c + 16, 4*j + 2*c = 128. Calculate the greatest common divisor of j and a.
30
Suppose -4*o - o = -a, -o = 4*a - 42. Suppose 107*i = -45*i + 43*i + 23435. What is the greatest common factor of a and i?
5
Let a be -1*(-2)/2 + 29 + -32. Let f be (a/6)/((-1)/144). Calculate the highest common divisor of 192 and f.
48
Suppose 274*v = 202*v + 35640. What is the greatest common factor of v and 110?
55
Suppose -4*u - 3*z = -11020, 4*u - 2292*z = -2294*z + 11016. What is the greatest common factor of u and 215?
43
Let a = -23083 - -23349. Let q(s) = 9*s**2 - s - 8. Let b be q(-3). What is the greatest common factor of a and b?
38
Let v = 10110 + -10068. Let j be (-169)/(-4) - 7/28. What is the greatest common divisor of v and j?
42
Suppose 0 = -4*o + f - 1296, 0 = -12*o + 10*o + 4*f - 648. Let z be ((-66)/(-9) + -2)/((-9)/o). What is the highest common factor of z and 24?
24
Let w = 181 - 109. Let g = w + -8. Calculate the greatest common factor of g and 48.
16
Let p = 50 - -53. Let o = -33 + p. Let s be (24/(-18))/(2/(-15)). Calculate the highest common divisor of s and o.
10
Suppose a - 59 - 1 = 0. Let y = -52 + a. Suppose 37*v - 33*v - 256 = -3*u, 0 = -5*v + 5*u + 320. What is the greatest common divisor of y and v?
8
Suppose 31*r - 30*r = -h + 38, 38 = h - 3*r. Calculate the greatest common divisor of h and 1349.
19
Let v be -3*5/45*3. Let g be 2380/60 + v/(-3). Let a be 262/11 - (-2)/11. Calculate the highest common divisor of g and a.
8
Let v = -8 - -11. Let o(i) = -i**2 + 8*i + 1. Let w be o(v). Suppose -5*k + 56 = 4*b, 5*k = -b + 32 + 27. What is the highest common divisor of w and k?
4
Let g(m) = 155*m - 1. Let x be g(1). Suppose 0 = 11*s + 3 - 58. Suppose s*v - 83 = -13. Calculate the highest common divisor of v and x.
14
Let u(v) = -2*v**3 - 4*v**2 - 8*v + 12. Let x be u(4). Let y = x - -238. Calculate the greatest common factor of 39 and y.
13
Let y be 15642/34 - (-247)/(-4199). Calculate the highest common divisor of 3020 and y.
20
Let b be 4701/21 - (11 + -26)/105. Let v(l) = -l**2 - 13*l - 23. Let r be v(-10). What is the greatest common divisor of b and r?
7
Let q(x) = -3*x**2 + 376*x - 3669. Let s be q(109). What is the highest common factor of 3192 and s?
152
Let h be 1501 - -2*(-1 + (-1)/2). Let m be (-3)/(30/(-4)) - h/(-5). Suppose -10*z = -0*z - m. What is the highest common factor of z and 105?
15
Suppose -5*u - 388 + 328 = 0. Let n be ((-80)/u - 4)*(-414)/(-24). Calculate the greatest common divisor of n and 207.
23
Let r(v) = 31*v + 110. Let t be r(22). Let k = t - 786. Calculate the greatest common factor of 16 and k.
2
Suppose -4*j = -4*y, 3 = 5*y + j - 3. Let f be -10*(-6 + 4) + -4 + y. What is the highest common factor of 221 and f?
17
Let z be 6/2*(-660)/(-90). Let s = 4 - 5. Let b be ((-88)/(-24))/(s/(-6)). What is the greatest common divisor of b and z?
22
Let k(t) = -2*t**3 + 22*t**2 - 18*t + 27. Let i be k(11). Let b = i + 187. Calculate the highest common divisor of b and 2.
2
Let j be (-2)/(2*1/(-2)). Let o = 184 + -179. Suppose 0 = -3*u + 3*n - j*n + 44, -3*u = -o*n - 52. Calculate the greatest common factor of u and 2.
2
Suppose 3*h + 4*y = 86, 0 = -h + 346*y - 350*y + 26. Let b be ((-12)/(-3))/((-2)/(-127)). Let n = b - 119. Calculate the highest common divisor of h and n.
15
Suppose 5*g = -3*x + 7, 5*x - 22 + 7 = -5*g. Let w be (x/8)/(-2 + 495/250). Let v = 27 + w. What is the greatest common divisor of 4 and v?
2
Let r = 6418 - 6353. Let v(k) = -81*k + 1. Let m be v(-4). What is the highest common divisor of m and r?
65
Suppose -29*p - 101*p = 71*p - 3719907. Calculate the highest common divisor of 93 and p.
93
Suppose -4*c + 3*w + 49 = -56, -3*c + 78 = -2*w. Suppose -18*s + 19*s = 0. Let y(o) = o**2 + 6. Let j be y(s). Calculate the greatest common factor of j and c.
6
Suppose 0 = -3*q - 4*x + 32, -3*x + 24 = 9. Calculate the greatest common factor of q and 772.
4
Let k be ((-32)/(-1))/(((-912)/360)/(-19)). What is the greatest common factor of k and 285?
15
Let z = -2664 + 2682. What is the greatest common divisor of 9162 and z?
18
Suppose 4*w + 181 = 4*j + 9, -30 = 5*w. What is the highest common factor of 2368 and j?
37
Let f be (4 - 1) + (40/4 - -274). Let v = 299 - f. What is the highest common divisor of 20 and v?
4
Let m be 10/30 + (16/6 - 2). Let i be 22*(3/(-6) + m). Suppose 5*o = 62 + 103. What is the highest common factor of o and i?
11
Suppose 0 = 5*t - 9*t - 16. Let n be ((-20)/(-5))/t - -11. Suppose n*k - 9*k = 24. Calculate the greatest common factor of k and 3.
3
Let o(i) = -i**3 + 6*i**2 + 9*i - 8. Let c be o(7). Suppose c*n - 9 = 3*n. Let z be 1955/51 + 4/6. What is the greatest common divisor of n and z?
3
Suppose -4*s + 55 = -5*i, 105 - 165 = -4*s + 4*i. Suppose 5*a - 9 = 16. Calculate the greatest common divisor of s and a.
5
Let s be (-6)/(-5) - (-24)/(-80)*-236. Calculate the greatest common factor of 344 and s.
8
Let d(h) = 74*h**2 - 34*h - 203. Let x be d(-6). What is the highest common divisor of x and 39?
13
Let y = 8267 + -4857. Calculate the greatest common divisor of 10 and y.
10
Let z(l) = 2*l + 1998. Let n be z(-10). What is the greatest common factor of 344 and n?
86
Let t be (-2)/11 + 4 + (-39)/(-33). Let c = -3318 - -3320. Calculate the highest common divisor of c and t.
1
Let a be 14*66/8*(-3944)/(-3451). Calculate the greatest common divisor of a and 258.
6
Let t = 2994 + -2924. What is the greatest common factor of 5530 and t?
70
Let y(u) = u**2 + 153. Let d be y(0). Let x(r) = 3*r**2 + 45*r - 31. Let s be x(-16). Calculate the greatest common divisor of d and s.
17
Suppose 6*j + 69*j + 14*j = 55803. What is the highest common factor of j and 429?
33
Suppose 8*v = 22*v + 294. Let n be (3008/(-658))/(2/v). Suppose -144 = -4*m - 0*m. Calculate the highest common divisor of m and n.
12
Suppose -5*z + 20*g - 16*g = -4557, -4*z + 3646 = -3*g. What is the greatest common divisor of z and 121?
11
Suppose 0 = 6*q - 139 - 173. Let n be (52/18)/((-18)/(-1458)). Calculate the greatest common factor of q and n.
26
Suppose 0*v = -2*v - 3*t + 7, 7 = v - 2*t. Let s be 4/v*(4 - -16). What is the greatest common divisor of s and 200?
8
Let b(v) = 193*v**3 - 2*v**2 + 1. Let w be b(1). Let p = -895 - -921. Suppose -p*f + 5*f = -504. What is the highest common divisor of w and f?
24
Let d(i) = -9*i + 69. Let g be d(3). Let s be -1*(2 + 3 + -7). Let y be 9/3 + 6/s. Calculate the highest common factor of y and g.
6
Suppose 22*u - 858 = 16*u. Let k be (2/2)/(11/u). Calculate the highest common factor of k and 104.
13
Let y be 8*1302/(-36)*-3. Let u = -445 + 